{"id":29,"date":"2022-08-19T20:21:54","date_gmt":"2022-08-20T01:21:54","guid":{"rendered":"https:\/\/centrosurplaza.com\/?page_id=29"},"modified":"2023-01-19T13:41:50","modified_gmt":"2023-01-19T18:41:50","slug":"mision","status":"publish","type":"page","link":"https:\/\/centrosurplaza.com\/index.php\/mision\/","title":{"rendered":"Nosotros"},"content":{"rendered":"\n<p class=\"has-black-color has-text-color has-huge-font-size\"><strong>Misi\u00f3n<\/strong><\/p>\n\n\n\n<p>Centro Comercial Centro Sur Plaza, es una Copropiedad comprometida con la satisfacci\u00f3n de los visitantes, colaboradores y comunidad en general que visita nuestras instalaciones.\u00a0\u00a0 Nos enfocamos en la atenci\u00f3n c\u00e1lida y respetuosa hacia nuestros visitantes, con el fortalecimiento de las competencias y compromiso de nuestros colaboradores.<\/p>\n\n\n\n<div class=\"wp-block-group\"><div class=\"wp-block-group__inner-container is-layout-flow wp-block-group-is-layout-flow\">\n<h1 class=\"has-black-color has-text-color wp-block-heading\"><strong>Visi\u00f3n<\/strong><\/h1>\n<\/div><\/div>\n\n\n\n<p>Centro Comercial Centro Sur Plaza estar\u00e1 posicionada en el a\u00f1o 2027 como un Centro Comercial caracterizado por la atenci\u00f3n oportuna y satisfactoria de nuestros visitantes, colaboradores y la comunidad en general, aprovechando los diferentes canales de servicio y con el apoyo de un grupo de colaboradores capacitados y comprometidos.<\/p>\n\n\n\n<p class=\"has-black-color has-text-color has-huge-font-size\"><strong>Ubicaci\u00f3n Estrat\u00e9gica<\/strong><\/p>\n\n\n\n<p>Centro Comercial Centro Sur Plaza, est\u00e1 ubicada en un sector exclusivo de la ciudad de Cali, para actividades de salud, deportivas y educaci\u00f3n,\u00a0 rodeada principalmente por la Cl\u00ednica Rey David, Centro M\u00e9dico Imbanaco, Instituto para Ni\u00f1os Ciegos y Sordos, Vida Centro Profesional, Hospital Universitario del Valle, IPS Sura, Sanitas, Instituci\u00f3n Universitaria Escuela Nacional del Deporte,\u00a0 Canchas Panamericanas,\u00a0 Unidad Deportiva Jaime Aparicio, Diamante de Beisbol, Indervalle y Coliseo Evangelista Mora,\u00a0 entre otras.<\/p>\n\n\n\n<p>Su ubicaci\u00f3n estrat\u00e9gica permite el flujo constante de personas desde el norte, sur y oeste de la ciudad, por las v\u00edas principales como la Calle 5, Calle 9, Calle 8,&nbsp; Avenida Roosevelt, Carrera 44, Carrera 34, Carrera 39 y Autopista Sur Oriental.<\/p>\n\n\n\n<p class=\"has-black-color has-text-color has-huge-font-size\"><strong>Nuestro Centro Comercial<\/strong><\/p>\n\n\n\n<p>CENTRO SUR PLAZA, es un complejo comercial que abri\u00f3 sus puertas en el a\u00f1o 2010 en la ciudad de Cali, sus instalaciones son c\u00f3modas, modernas y seguras. Cuenta con espacios amplios, distribuidos en 3 niveles comerciales y adicional, cuenta con 2 s\u00f3tanos que caben alrededor de 400 veh\u00edculos.<br>Puedes parquear con comodidad, en sus almacenes encuentras gran variedad de productos y servicios, ropa, zapatillas, boutique, joyer\u00eda, accesorios para celular, agencias de viajes, servicios odontol\u00f3gicos, servicios m\u00e9dicos, restaurantes , productos de belleza, accesorios, bisuter\u00eda, productos de belleza y salud, galer\u00eda y arte, peluquer\u00eda, corresponsales bancarios, cajeros electr\u00f3nicos, cambios de divisas, grupo inmobiliario, juegos infantiles,.<br>Es un centro comercial que se a centrado en cuidar el medio ambiente y promover la adecuada eliminaci\u00f3n de los residuos y aprovechamiento de los mismos recicl\u00e1ndolos.<br>Los invitamos a que vengan y tengan una experiencia en el centro comercial centro sur plaza en el coraz\u00f3n de Cali.<br>Horario de atenci\u00f3n: Desde 8:00 AM a 8:00 PM<\/p>\n\n\n\n<figure class=\"wp-block-gallery aligncenter has-nested-images columns-default is-cropped wp-block-gallery-1 is-layout-flex wp-block-gallery-is-layout-flex\">\n<figure class=\"wp-block-image size-large is-style-rounded\"><img fetchpriority=\"high\" decoding=\"async\" width=\"1024\" height=\"614\" data-id=\"630\" src=\"https:\/\/centrosurplaza.com\/wp-content\/uploads\/2022\/10\/Centro-comercial-centro-sur-plaza-1024x614.jpg\" alt=\"\" class=\"wp-image-630\" srcset=\"https:\/\/centrosurplaza.com\/wp-content\/uploads\/2022\/10\/Centro-comercial-centro-sur-plaza-1024x614.jpg 1024w, https:\/\/centrosurplaza.com\/wp-content\/uploads\/2022\/10\/Centro-comercial-centro-sur-plaza-300x180.jpg 300w, https:\/\/centrosurplaza.com\/wp-content\/uploads\/2022\/10\/Centro-comercial-centro-sur-plaza-768x461.jpg 768w, https:\/\/centrosurplaza.com\/wp-content\/uploads\/2022\/10\/Centro-comercial-centro-sur-plaza-240x144.jpg 240w, https:\/\/centrosurplaza.com\/wp-content\/uploads\/2022\/10\/Centro-comercial-centro-sur-plaza.jpg 1200w\" sizes=\"(max-width: 1024px) 100vw, 1024px\" \/><\/figure>\n<\/figure>\n\n\n\n<figure class=\"wp-block-table\"><table><tbody><tr><td><\/td><td><\/td><\/tr><\/tbody><\/table><\/figure>\n","protected":false},"excerpt":{"rendered":"<p>Misi\u00f3n Centro Comercial Centro Sur Plaza, es una Copropiedad comprometida con la satisfacci\u00f3n de los visitantes, colaboradores y comunidad en general que visita nuestras instalaciones.\u00a0\u00a0 Nos enfocamos en la atenci\u00f3n c\u00e1lida y respetuosa hacia nuestros visitantes, con el fortalecimiento de las competencias y compromiso de nuestros colaboradores. Visi\u00f3n Centro Comercial Centro Sur Plaza estar\u00e1 posicionada [&hellip;]<\/p>\n","protected":false},"author":2,"featured_media":0,"parent":0,"menu_order":0,"comment_status":"closed","ping_status":"closed","template":"template-fullwidth.php","meta":{"_monsterinsights_skip_tracking":false,"_monsterinsights_sitenote_active":false,"_monsterinsights_sitenote_note":"","_monsterinsights_sitenote_category":0,"footnotes":""},"class_list":["post-29","page","type-page","status-publish","hentry"],"jetpack_sharing_enabled":true,"_links":{"self":[{"href":"https:\/\/centrosurplaza.com\/index.php\/wp-json\/wp\/v2\/pages\/29","targetHints":{"allow":["GET"]}}],"collection":[{"href":"https:\/\/centrosurplaza.com\/index.php\/wp-json\/wp\/v2\/pages"}],"about":[{"href":"https:\/\/centrosurplaza.com\/index.php\/wp-json\/wp\/v2\/types\/page"}],"author":[{"embeddable":true,"href":"https:\/\/centrosurplaza.com\/index.php\/wp-json\/wp\/v2\/users\/2"}],"replies":[{"embeddable":true,"href":"https:\/\/centrosurplaza.com\/index.php\/wp-json\/wp\/v2\/comments?post=29"}],"version-history":[{"count":4,"href":"https:\/\/centrosurplaza.com\/index.php\/wp-json\/wp\/v2\/pages\/29\/revisions"}],"predecessor-version":[{"id":831,"href":"https:\/\/centrosurplaza.com\/index.php\/wp-json\/wp\/v2\/pages\/29\/revisions\/831"}],"wp:attachment":[{"href":"https:\/\/centrosurplaza.com\/index.php\/wp-json\/wp\/v2\/media?parent=29"}],"curies":[{"name":"wp","href":"https:\/\/api.w.org\/{rel}","templated":true}]}}